1103324131 (base 5) to base 8.
11122777
What is 10508b (base 16) in base 2?
100000101000010001011
-9183 (base 12) to base 8
-36663
What is -1321202200 (base 4) in base 5?
-111412244
Convert 63b236 (base 12) to base 8.
6003212
-12249b (base 14) to base 4
-2113220021
Convert 12521156 (base 7) to base 9.
2138818
What is -1845bc (base 15) in base 8?
-4377051
Convert 24433502 (base 6) to base 12.
318892
What is -1321201224 (base 6) in base 2?
-111100000010100000110000
What is -4010322 (base 5) in base 15?
-13ae2
558a4 (base 11) to base 2
10011110000101110
-24303244 (base 5) to base 9
-377481
What is 31103 (base 11) in base 6?
550030
10344400 (base 5) to base 16
161e8
-2b034 (base 15) to base 11
-95000
Convert 49eeb (base 15) to base 9.
400055
What is -2336435 (base 8) in base 15?
-c9192
-315041 (base 9) to base 7
-1410220
2104121240 (base 5) to base 8
20513251
-b79553 (base 14) to base 11
-3562234
What is 2300545 (base 6) in base 7?
664445
-19c163 (base 13) to base 4
-2133321230
Convert -12011021323 (base 4) to base 12.
-64a537
2260684 (base 9) to base 4
10222010230
What is 2b4a3b (base 13) in base 16?
104915
Convert 665514 (base 11) to base 12.
432303
Convert 90315 (base 10) to base 14.
24cb1
Convert 9ec7ad (base 15) to base 11.
4310aa5
11011001001100 (base 2) to base 11
a497
-1234641 (base 11) to base 7
-24135541
Convert 10000010110010010111 (base 2) to base 4.
2002302113
Convert -25033 (base 6) to base 7.
-13524
Convert -414987 (base 10) to base 9.
-702226
What is -12002122210000 (base 3) in base 13?
-73b396
What is -20023312212 (base 4) in base 7?
-24144456
What is 628486 (base 10) in base 3?
1011221010021
What is -13441243 (base 6) in base 2?
-1101111011100111011
Convert 23302654 (base 7) to base 4.
13310312101
What is 5358a (base 14) in base 4?
301023012
What is 110010011010110101100101 (base 2) in base 8?
62326545
Convert -42664015 (base 8) to base 6.
-523452541
What is -397898 (base 10) in base 9?
-665728
594dd4 (base 14) to base 6
145201434
Convert -8266 (base 14) to base 9.
-33686
9512 (base 12) to base 8
37636
-16344105 (base 8) to base 13
-a2782c
220022220201 (base 3) to base 12
1b1177
Convert 171801 (base 15) to base 11.
6a4736
Convert 771151 (base 12) to base 15.
274a24
Convert -52335 (base 14) to base 16.
-3063b
What is -44441131 (base 5) in base 2?
-1011111010000010110
Convert 164041 (base 7) to base 12.
16a5a
Convert 1059a9 (base 12) to base 7.
2125542
33014451 (base 6) to base 9
1756174
What is -1201110120002 (base 3) in base 15?
-130eb8
What is -147d4d (base 14) in base 3?
-1100020111000
What is -30223133 (base 5) in base 7?
-2026252
What is 252022054 (base 6) in base 3?
100010200012021
-581a81 (base 15) to base 4
-100003100011
11000110010001000 (base 2) to base 6
2101544
Convert bea38b (base 15) to base 6.
522545035
1750086 (base 9) to base 3
1211200002220
Convert -2b2add (base 16) to base 15.
-3ad366
-1c7421 (base 14) to base 9
-1822521
What is -199b40 (base 13) in base 2?
-10011110101100101010
11010011111111110101011 (base 2) to base 15
923456
Convert 33298a (base 11) to base 6.
15213553
Convert 1151450 (base 7) to base 5.
14201120
What is 31373326 (base 8) in base 12?
22a3106
2836454 (base 9) to base 16
17cc98
Convert 101010101011110110010001 (base 2) to base 8.
52536621
What is d5a46 (base 15) in base 10?
677316
Convert a31163 (base 11) to base 5.
410442304
-69517c (base 16) to base 13
-157880b
2013042 (base 7) to base 11
153423
What is -1362cc (base 14) in base 7?
-5460445
3132031331 (base 4) to base 8
3361575
What is -222312313 (base 6) in base 10?
-4037589
Convert -2220020002 (base 3) to base 10.
-57026
Convert -14353455 (base 6) to base 14.
-cd29d
Convert 1221332330 (base 4) to base 13.
12278c
Convert -2020220202 (base 3) to base 7.
-243320
What is -108068 (base 10) in base 12?
-52658
Convert -22112542 (base 6) to base 7.
-5430431
What is 112759 (base 10) in base 5?
12102014
Convert -324422014 (base 5) to base 12.
-578a4a
What is -121101002100 (base 4) in base 2?
-11001010001000010010000
b1c19 (base 13) to base 14
84082
3ad03 (base 16) to base 14
63b11
-9788 (base 14) to base 7
-136231
What is 544635 (base 9) in base 2?
1001111010100111011
Convert 4774548 (base 12) to base 7.
225424526
Convert -22120222000010 (base 3) to base 6.
-241505350
What is 3722ac (base 13) in base 8?
5017430
2142330131 (base 5) to base 16
46fb8c
Convert -407156 (base 9) to base 4.
-322330113
Convert 10011010001101000111 (base 2) to base 14.
12627d
Convert 450829 (base 11) to base 7.
6051325
-905b5e (base 15) to base 12
-23663b2
Convert 65c108 (base 13) to base 5.
1103201404
-30324404 (base 5) to base 2
-111011111101100100
Convert 1000011101010100011111 (base 2) to base 13.
5c82a6
11807a8 (base 11) to base 14
3b54ad
2123404 (base 5) to base 2
1000110100001000
-223ba6 (base 16) to base 5
-1033242434
-7977ba (base 14) to base 7
-50054323
28241c (base 13) to base 10
976169
Convert -1303444400 (base 5) to base 4.
-30022030103
What is -1101102 (base 4) in base 9?
-7120
Convert 125546 (base 8) to base 9.
66163
-124556443 (base 7) to base 8
-36343410
Convert -140c5a (base 14) to base 2.
-10101001011010100000
What is 2410023 (base 5) in base 12?
21830
Convert 1176265 (base 10) to base 2.
100011111001011001001
What is 41715621 (base 8) in base 11?
502008a
What is -1442081 (base 9) in base 12?
-324384
What is a40296 (base 13) in base 11?
2184839
Convert 23030443 (base 7) to base 2.
111101010000110100111
Convert 230525 (base 8) to base 5.
10000130
Convert -12111000122201 (base 3) to base 7.
-33523231
Convert 2a9185 (base 13) to base 16.
ffeb7
23602b1 (base 12) to base 2
11010000110101110100101
Convert -3332621 (base 10) to base 2.
-1100101101101000001101
What is -20113330222 (base 4) in base 10?
-2195242
What is -10300233 (base 5) in base 15?
-1ae2d
-6215230 (base 7) to base 14
-155087
What is 1d2a0 (base 16) in base 9?
201768
Convert 1110111110111001 (base 2) to base 7.
343630
Convert -87974 (base 12) to base 7.
-1344640
What is -681628 (base 11) in base 16?
-109051
Convert 222100122220 (base 3) to base 7.
4260354
Convert -10130332203 (base 4) to base 8.
-4347643
Convert -3123024423 (base 5) to base 12.
-21b3638
2978c2 (base 16) to base 13
742126
What is 5343311 (base 6) in base 7?
2142316
Convert -2a0075 (base 14) to base 3.
-2202011121210
-23355502 (base 6) to base 7
-6132635
-1030575 (base 9) to base 11
-347472
Convert 3222221322 (base 4) to base 14.
1b03b4
What is -283b2 (base 14) in base 5?
-11141103
13751261 (base 8) to base 4
23331022301
What is 1405315 (base 7) in base 4?
231211333
-57351041 (base 8) to base 14
-191b7c5
1233331 (base 5) to base 14
8b7a
Convert -321100222023 (base 4) to base 7.
-241405140
What is -46153 (base 8) in base 4?
-10301223
Convert -61532655 (base 7) to base 15.
-6bb410
Convert -579ec (base 16) to base 9.
-606268
Convert -2268977 (base 11) to base 12.
-13b25b7
-1001010220000 (base 3) to base 7
-4465020
Convert -25034451 (base 6) to base 9.
-1445674
-11028799 (base 10) to base 11
-6253111
Convert 3302122332 (base 4) to base 14.
1bbc18
11023 (base 13) to base 4
13201003
What is -29459 (base 13) in base 15?
-18015
Convert -1010100111110000101011 (base 2) to base 14.
-526987
56132 (base 11) to base 14
21907
Convert 2125155 (base 7) to base 5.
31234321
What is -202003033 (base 4) in base 12?
-68867
-2634420 (base 7) to base 12
-147739
Convert 81ced5 (base 15) to base 10.
6169475
31135404 (base 6) to base 8
3334434
What is 2022222212 (base 3) in base 12?
226ab
Convert -3a04671 (base 12) to base 2.
-101011101100011010110101
What is 3142055 (base 11) in base 10?
5537020
Convert -1010010000010000110 (base 2) to base 6.
-11111330
19a6943 (base 12) to base 4
110301033003
Convert 103334401 (base 5) to base 11.
287671
What is -1166a5 (base 13) in base 16?
-651e9
What is -14266301 (base 7) in base 8?
-5101555
What is -12102023130 (base 5) in base 7?
-230544335
What is 1011001000110000011000 (base 2) in base 10?
2919448
Convert 286792 (base 10) to base 2.
1000110000001001000
Convert 47645 (base 10) to base 15.
e1b5
What is -1215156 (base 7) in base 10?
-155469
What is 111011111001010111 (base 2) in base 11?
158362
Convert 1111011100001101101 (base 2) to base 6.
14502233
-1235455 (base 6) to base 9
-112348
Convert 45952 (base 12) to ba